 = -4*r - 1. Let y(n) = 7*n + 2. Suppose -4*z - 22 = -3*g, -2*g = -0*g - 4*z - 16. Let k(j) = g*y(j) + 11*q(j). What is k(x)?
5
Let p = -4 + -4. Let n = p + 12. Let c(z) be the first derivative of -z**2 + 2*z + 5. Determine c(n).
-6
Suppose -5*f + 13 = -7. Suppose 4*h = -5*o - 17, h + f*o + o = -8. Let p(k) = k**3 - 3*k**2 + k**3 - k - 3 - 3*k**3. What is p(h)?
0
Let k(q) = -12 - 8 + q + 14. Let t(r) = r**3 - 5*r**2 + 7*r - 6. Let d be t(4). What is k(d)?
0
Let u(d) = -d - 1. Suppose 4*t = -2*o + 10, -o = -0*o + 3*t - 6. Suppose 4*v - 10 = 3*j - 4, -o*v = -5*j + 1. What is u(j)?
-3
Let c(m) = 3*m - 5 + 3 - 2*m. What is c(6)?
4
Let m(g) = 3*g - 2. Let u(a) = a**2 - 8*a + 4. Let d be u(8). Let w(b) = b + 1. Let o(n) = d*w(n) - m(n). What is o(-5)?
1
Suppose 5*p = 5*h - 15, -4*p = 4*h + 11 + 1. Suppose 3*d = 1 + 5. Let r(u) = -u**3 - 1 - 3*u**2 - d*u + 1 - 3. Calculate r(p).
3
Let c(h) = 8*h + 2 - 3 - 11*h + 3*h**2. Calculate c(-2).
17
Let u(s) be the first derivative of s**4/4 + 8*s**3/3 + 9*s**2/2 + 7*s + 52. Give u(-7).
-7
Let k(l) = l**2. Let j(q) = -3*q**2 - q - 3. Let p(y) = -j(y) - 2*k(y). Let f(v) be the first derivative of p(v). Suppose 0 = 2*a + a + 12. Determine f(a).
-7
Suppose 3*o + 9 = 0, 0 - 3 = 3*k + 3*o. Let t(l) = l + 2 - 1 - k. What is t(5)?
4
Let b = -3 - -4. Let j(t) = t + 1. Let r(y) = -7*y - 4. Let q(w) = b*r(w) + 6*j(w). Let o be (1 + 8/(-6))*-15. Give q(o).
-3
Let f = 12 - 9. Let s(a) = 1 - 3 - 1 + 5 + f*a. Calculate s(-2).
-4
Let x(b) be the third derivative of -b**8/20160 - b**7/5040 - b**5/30 - 3*b**2. Let n(d) be the third derivative of x(d). Let g = -6 - -4. Calculate n(g).
-2
Let m(f) = -3*f**2 - 3*f. Let c be m(-5). Let k be c/(-27) + (-4)/18. Suppose -k*i - 2*i = -8. Let h(j) = 3*j. Determine h(i).
6
Suppose -2*t + 7 = -1. Suppose 2*w = -t*u - 8, -3*w - 4*u - 8 = -7*w. Let h(l) = -l**2 + l + 6. What is h(w)?
6
Suppose -3*g = -2*z - 11, -13 + 5 = z - 2*g. Suppose z*x = 4*o + x - 19, 4*x - 4 = -4*o. Let m(n) = n**3 - 5*n**2 + 3*n + 3. Determine m(o).
-1
Let x(l) = -l + 2. Suppose o + 2 = 2*o. Let d = o + -3. Let f = d + 1. What is x(f)?
2
Let n = 2 - 7. Let x = 5 + -1. Let y(s) = -7 + 4*s**2 - 5*s**2 - x*s + 5*s - 6*s. Calculate y(n).
-7
Suppose -4*h = -5*b + 3 - 22, 3*b = 3. Let w(k) = k**3 - 5*k**2 - 9*k + 6. Determine w(h).
-12
Let j = -2 + 8. Let h(r) = 0 + 3601*r + 0 - 3600*r. Give h(j).
6
Let z(r) = -3*r**3 - r**2 + 1. Let w be z(1). Let k be 2*1 + 3/w. Let t be 6/(-5 - (-4 + k)). Let g(y) = -y**3 - 3*y**2 + y - 4. What is g(t)?
-7
Let g(k) be the second derivative of -7*k + 0 + 1/3*k**3 + 3/2*k**2. Calculate g(-3).
-3
Let h(o) be the first derivative of 4*o**3/3 + o**2/2 + o - 2. Let c be 3/2*(-2)/3. Calculate h(c).
4
Let k be (8/5)/((-2)/20). Let c be -3*(k/6)/(-2). Let d(p) = 6*p + 3. Let h(y) = 7*y + 3. Let t(s) = -4*d(s) + 3*h(s). Determine t(c).
9
Let a(q) = 3*q**2 - 2*q**2 - q**2 - 2*q**2. Let j(t) = t**2 - 5*t + 1. Let c(k) = 5*k**2 + k - 1. Let b be c(1). Let s be j(b). Calculate a(s).
-2
Let l(h) = -h - 1. Let c = 3 + 0. Suppose -2*s - c*z - z - 12 = 0, 3*s - 4*z - 2 = 0. What is l(s)?
1
Let d = 1 + 4. Let m(j) = -j**3 - 2*j + 5*j**2 + 3 - j + 4*j - 9. Determine m(d).
-1
Let v(y) = y**2 - 5. Let q be v(-4). Let b(x) = -15*x + 10. Let d(u) = -3*u + 2. Let c(s) = q*d(s) - 2*b(s). Give c(2).
-4
Suppose 0 = -3*f - d + 7, 4*d - 10 + 26 = -f. Suppose 4*c - 16 = f. Let b(p) = -2*p**2 + 0*p + 3*p**2 - 7 - 3*p. What is b(c)?
3
Let h = 9 + -7. Let u(d) = d**2 - 4 - h*d + 4*d - d - 2*d. Determine u(3).
2
Let i = 3 - 2. Let c = -1 + 3. Let x(h) = -h + 4*h**c + 0 + 3*h - 1. What is x(i)?
5
Let j(d) = -3 + 11*d**2 - 10*d - 10*d**2 + 12*d. Calculate j(2).
5
Let z(n) = -8*n**3 + 1. Let p be (-19)/(-4) + 7/28. Suppose -2 + 7 = p*c. Calculate z(c).
-7
Let t(r) = r**3 - 5*r**2 - 10*r - 3. Let l(f) = -f**3 + 4*f**2 + 9*f + 2. Let i(a) = -7*l(a) - 6*t(a). Give i(-4).
-16
Let h(v) = -v**2 + 1. Let s be h(5). Let m be 93/18 - (-4)/s. Let j(z) = 2*z - 3. What is j(m)?
7
Let m(u) = 2*u**2 - u - 3. Let v be m(5). Let i(p) = 39 + 0*p - v - p + 0*p. Calculate i(-5).
2
Let c(u) = u - 1. Let j(a) = -2*a + 16. Let i(t) = -3*c(t) - j(t). Calculate i(-10).
-3
Let k(b) be the second derivative of b**4/12 + b**3 - 7*b**2/2 + 5*b. Determine k(-5).
-12
Let n(d) = -d**2 + 13*d - 10. Let j be n(12). Suppose 3*v - 2*z - 18 = -v, 1 = -2*v - z. Let l(w) = j - 4 + w**v + 0*w**2 - 2*w + 0*w**2. What is l(4)?
6
Let c(p) = -3*p**3 + 2*p**2 - 4*p. Let b(k) = -2*k**3 + 3*k**2 - 3*k. Let l(x) = -4*b(x) + 3*c(x). What is l(-6)?
0
Let g(r) = -2*r + 4. Let n be g(5). Let c(u) = u**3 + 7*u**2 + 6*u - 3. Calculate c(n).
-3
Let m(n) be the first derivative of n**3/3 + 5*n**2/2 + 3*n - 5. Determine m(-2).
-3
Let z(m) = 3*m**2 + 9*m - 3. Let x(k) = -7*k**2 - 19*k + 7. Let g(w) = -2*x(w) - 5*z(w). Suppose -5*s + 5*t - 45 = 0, 3*s + t + 15 = -0*t. What is g(s)?
7
Let z(m) = m - 1. Let d(p) = p**2 - 4*p + 5. Let f(q) = -d(q) - 6*z(q). Let t be (0 + -2)/((-1)/2). Suppose 7 = -t*v - 5. Give f(v).
-2
Let k(u) be the second derivative of u**4/6 + 3*u**3/2 + 7*u. Give k(-6).
18
Let p(u) = -2*u. Let o(h) = h**2 + 2*h + 3. Let a be o(-2). Suppose a*x - 8 = 7*x. Let n be (x/(-6))/(4/(-12)). What is p(n)?
2
Let s(r) = 51*r**3 + 5*r**2 + 3*r - 2. Let n(z) = 26*z**3 + 3*z**2 + 2*z - 1. Let b(a) = 5*n(a) - 3*s(a). What is b(-1)?
23
Let n(u) = u**3 + u - 1. Let c(q) = -3*q**3 + 3*q**2 - 3*q + 4. Let b(g) = -c(g) - 4*n(g). Let t be ((9/6)/(-3))/((-3)/(-18)). Calculate b(t).
3
Let l(u) be the first derivative of u**2/2 + 4*u + 35. Give l(-7).
-3
Let z(v) = v - 6 - 5*v + v + 2*v. Let j be z(6). Let w = -7 - j. Let n(b) = -b - 7. Give n(w).
-12
Let q(i) = 3*i - 15. Let r(b) = 4*b - 17. Let s(z) = -6*q(z) + 5*r(z). Calculate s(-5).
-5
Let o(x) = -2*x. Let u(i) = 2*i**2 + 5*i + 3. Let r be u(-3). Let y = r + -2. Determine o(y).
-8
Let s(k) = 1 - 13 - 2*k - 3*k**3 + 12. What is s(2)?
-28
Let k be (-4)/10 + (-14)/(-35). Let c = k - -3. Let p(s) = -s**2 + 2*s. What is p(c)?
-3
Suppose -10*b + 5*b = -25. Let l(s) = -3*s + s**2 + 2*s - 4*s - 7. Calculate l(b).
-7
Let y(v) = -v + 3. Let m(d) = d**3 + 6*d**2 + 8*d + 7. Let n be m(-5). Calculate y(n).
11
Let y be 138/4 - (-3)/(-6). Suppose 0 = -3*f - 3*i + 30, -3*i = -4*f - 4*i + y. Suppose -3 = u - f. Let z(t) = t + 1. Determine z(u).
6
Suppose -r - 4*r = 20. Let l(k) = k**2 - 3*k - 2. Let x be l(4). Let p(u) = 7 + 12*u - 11*u - x. What is p(r)?
1
Let i be (-1)/(-2) - (-7)/(-2). Let l(x) be the first derivative of -x**2 + 7 + 4*x - 2/3*x**3. Give l(i).
-8
Let a(g) = 2*g**3 - g**2 - 3*g - 1. Suppose 3*k = -2*r + 7 - 5, -2*r + 8 = 0. Give a(k).
-15
Let w(y) = -y**2 + 2*y + 1. Let g(v) = -2*v**2 + v + 1. Let z(i) = -2*g(i) + 3*w(i). What is z(-3)?
-2
Let b(t) = -t**2 + t - 3. Let l(x) be the third derivative of -x**5/60 - x**4/4 + 5*x**3/3 + 4*x**2. Let d = -11 - -4. Let y be l(d). Calculate b(y).
-9
Let z(c) = c**3 - 4*c**2 + c - 1. Let f(d) = 1 + 0 + 10*d - 33*d. Let j be f(-1). Let k be (0 - 4)*(-18)/j. Calculate z(k).
-7
Let y(t) = -t. Let n(u) = -u - 2. Let a = 0 + -2. Let l(k) = a*y(k) - n(k). Give l(3).
11
Let l(w) = -10*w**3 + 2*w**2 - 7*w + 6. Let o(v) = -3*v**3 + v**2 - 2*v + 2. Let c(u) = 2*l(u) - 7*o(u). Give c(3).
-2
Let s(d) = 4*d + 1. Let t = 12 + -7. Let v = -14 - -18. Suppose -v*k = -t*k - 1. Calculate s(k).
-3
Let n be (3/(-2)*2)/(-1). Let o(d) = -7*d + 4. Give o(n).
-17
Suppose p + 6*o - 4*o = 15, 2*p + 3*o - 25 = 0. Suppose -5*f + 4*f - 1 = 0. Let c = f + p. Let z(x) = x**2 - 3*x - 1. Determine z(c).
3
Suppose -3*w + 5*b + 27 = 0, -3*w - 3 + 27 = -4*b. Let d be (7/w)/(1/4). Let y(h) = 3*h**3 - 2*h**3 + d*h - 7*h. Give y(2).
8
Let n(c) = -c**2 - 8*c - 3. Suppose 1 = -4*s + t - 17, -t = -s - 3. Determine n(s).
12
Let b(y) = -2*y**2 - 7*y + 2. Let q = 26 + -31. Give b(q).
-13
Let o(k) be the third derivative of -k**2 - 1/60*k**5 - 1/6*k**3 + 0*k + 0 + 1/8*k**4. Determine o(3).
-1
Let x(c) = 3*c**3 - 4*c**2 + c - 2. Let i(f) = f**3 - f**2 - 1. Let w(m) = 4*i(m) - x(m). Give w(-2).
-8
Suppose 0 = -2*s - 4*y + 14, 0*s + y - 8 = s. Let r be 62/(s + 5) + -1. Suppose 4*k + r = -k. Let p(o) = o**2 + 6*o - 1. Calculate p(k).
-1
Let s(h) = 5*h**2 + 10 - 5*h - h**3 + 0 - 8 + 1. Give s(3).
6
Let j(d) = -1 + 2 + 0*d**3 + 0 + 2*